 by u(-7).
3
Let n = 1 - -1. Let t(o) = o**3 - o**2 + 2*o. Let x be t(n). Suppose -5*z + 2*z + 8 = 4*r, 2*z = -x. Calculate the remainder when 8 is divided by r.
3
Suppose 0*q + 4*a = 2*q - 24, 0 = -5*q - 2*a + 12. Suppose -i - 4*i + 42 = h, 0 = -i + q. Let d = h + -13. What is the remainder when 16 is divided by d?
7
Let m be (1 + -1)/(4/2). Let z be 1*6*(1 - m). What is the remainder when 22 is divided by 2/(-1 - (-7)/z)?
10
Suppose 57 = 2*u + 5*z + 4, 5*z = -u + 34. What is the remainder when u is divided by 13?
6
Let z(y) = -12*y - 17. Let b be -3 - 1 - 6/2. What is the remainder when z(b) is divided by 17?
16
Let a = 1 + -1. Let s = a - -2. What is the remainder when ((-12)/(-14))/(4/14) is divided by s?
1
Suppose 0 = 5*j + 4*b - 171, 4*j - 2*b - 104 = 3*b. Calculate the remainder when j is divided by 11.
9
Calculate the remainder when (-516)/(-12)*(4 - 2) is divided by 8.
6
Suppose 8*k + 148 = 12*k. What is the remainder when k is divided by 13?
11
Let z(q) = -q**2 - 19*q - 55. Calculate the remainder when z(-14) is divided by 6.
3
Let a(n) = n**2 - 3*n - 4. Let b be a(3). Let h = b - -6. Suppose -h*g + 33 = -27. Calculate the remainder when g is divided by 8.
6
Let v = 5 - 8. Let d = v - -20. What is the remainder when 0 - (-1 - -51)*-1 is divided by d?
16
Let c(q) = -6*q**2 + 5*q - 7. Let x(o) = -3*o**2 + 2*o - 3. Let j(i) = 6*c(i) - 13*x(i). Calculate the remainder when j(2) is divided by 9.
8
Calculate the remainder when 43 is divided by ((-576)/(-30) - -8) + (-1)/5.
16
Suppose -20 = -5*x, b + 0*b + x - 17 = 0. Calculate the remainder when 50 is divided by b.
11
Suppose 0 = -13*w + 7*w + 330. What is the remainder when w is divided by 14?
13
Suppose -3*x + 102 = 3*d - 0*d, -82 = -2*d + 5*x. What is the remainder when 107 is divided by d?
35
Calculate the remainder when (-14)/35 - 102/(-5) is divided by 11.
9
Let w(c) = -3*c - 14. Let x be 15*3/18*-4. Suppose 3*r - 45 = 45. Calculate the remainder when r is divided by w(x).
14
Suppose 2*n = -3*t + 12, -2*t - 3*t = 4*n - 20. Suppose -2*d + 18 = -n*d. Suppose -d*i + 6*i + 54 = 0. Calculate the remainder when 33 is divided by i.
15
Calculate the remainder when (-366)/(-9)*3/2 is divided by 16.
13
Let s = -83 + -2. Let b = 138 + s. What is the remainder when b is divided by 18?
17
Calculate the remainder when 19 is divided by 4*((-27)/12 + 4).
5
Suppose -d - 2 = -2*d. Calculate the remainder when d/13 - (-700)/13 is divided by 14.
12
Let i be 6/(-12) + 86/4. Let f = -12 + i. Calculate the remainder when f is divided by 2.
1
Let s = -9 - -3. Suppose 4*r + 9 = -3. Let p = r - s. Calculate the remainder when 4 is divided by p.
1
Let g(s) = -s - 5. Let n = -5 + 9. Calculate the remainder when g(-11) is divided by n.
2
Suppose -5*t + 8*h + 471 = 5*h, -5*h = -15. Suppose -w - 5*i = -t, 3*w - 2*i = 2*w + 61. Calculate the remainder when w is divided by 24.
23
Suppose 0 = c + c - 116. Let h be 4 + 0 + 0 + 1. Suppose 17 + c = h*b. Calculate the remainder when 43 is divided by b.
13
Suppose 3*d + 65 = 4*l + 4, 0 = -2*l - 5*d + 11. Let x = l - 5. Calculate the remainder when 23 is divided by x.
7
Calculate the remainder when 56 is divided by 31*(-2 + -3 + 6).
25
Suppose 5*v - 86 = -3*d, -d + 2*d = v + 34. Suppose 3*k - 4*k + 23 = 0. Suppose -32 = -5*s + k. What is the remainder when d is divided by s?
10
Suppose -5*s = 3*a - 87, -s = s + 2*a - 34. Let f be ((-2)/(-3))/(1/102). Suppose 5*w - f = -s. Calculate the remainder when 28 is divided by w.
8
Let x(q) = -70*q + 1. Let p be x(-1). Suppose p = 5*u - 44. Calculate the remainder when 67 is divided by u.
21
Let b be (-129)/12 + (-1)/4. What is the remainder when b/33 + 37/3 is divided by 5?
2
Let m(j) = -8*j**3 + j**2 - j - 1. What is the remainder when m(-1) is divided by 3?
0
Suppose -f + 48 = 3*f. Suppose -4*r + 13 + 15 = 4*m, -r = -3*m + 21. Let v(a) = -a**3 + 7*a**2 + 5*a. What is the remainder when v(m) is divided by f?
11
Suppose 2*l = -3*l. Suppose 4*o = -l*o + 36. Calculate the remainder when o is divided by 5.
4
Suppose 0 = -2*s - 3*s + 25. Let h(j) = -3 - 4*j + 2*j - j + 0. Calculate the remainder when h(-4) is divided by s.
4
Let w = 6 + -4. Suppose -30 = -w*i - 8. Calculate the remainder when 31 is divided by i.
9
Let m(n) = -n**3 - 2*n**2 - 2*n + 3. What is the remainder when 12 is divided by m(0)?
0
Let q = 2 + 3. Suppose q*m - 8*m = -126. What is the remainder when m is divided by 11?
9
Suppose -6*t = 249 - 663. What is the remainder when t is divided by 14?
13
Let v(q) = q**2 + 4*q + 7. What is the remainder when v(-7) is divided by 15?
13
Suppose -v + 4*v - 135 = -5*k, -k - 4*v + 44 = 0. Let q = -4 + k. Let o = -6 + q. Calculate the remainder when o is divided by 5.
4
Suppose y - 7 = 7. Suppose 0 = -29*x + 39*x - 60. What is the remainder when y is divided by x?
2
Suppose 236 = 3*v - 4*b, 278 = 3*v + v + 2*b. Let a = v + -5. Calculate the remainder when a is divided by 23.
21
Suppose 0 = 4*f - 5*m - 196, -2*m = 2*f + 21 - 101. Calculate the remainder when f is divided by 23.
21
Let w = 23 + -16. Calculate the remainder when 25 is divided by w.
4
Let b(p) = 31*p**2 - 2*p - 1. Suppose -v - 2*v + 30 = 0. Calculate the remainder when b(-1) is divided by v + (0 - (2 - 3)).
10
Suppose -w - w + 10 = 0. Suppose 0 = w*s - 62 + 2. Calculate the remainder when 35 is divided by s.
11
Suppose -j + 109 = -2*d, 5*j - 125 = 4*j - 2*d. What is the remainder when j is divided by 8?
5
Let r(y) = -y + 22. Suppose -c + 7 = -5. Suppose z + 2*i - c = 0, 2*z - 5*i - 24 = -0*i. What is the remainder when r(0) is divided by z?
10
Let u = -71 + 85. What is the remainder when 83 is divided by u?
13
Suppose -4*l + 9*l - 5 = 0. Calculate the remainder when 5 + -3 + (1 - 2) is divided by l.
0
Suppose 5*u = 2*l - 12, 5*l + 2 = u + 9. Let y = 3 + l. Suppose -3*m + 5*a - 10 = -8*m, -y*m = 3*a - 13. Calculate the remainder when m is divided by 3.
1
Let w = -4 + 4. Suppose 5*k - 3*l - 119 = w, l = 4*k + 5*l - 76. Calculate the remainder when k is divided by 12.
10
What is the remainder when (-2)/1 - (-267)/3 is divided by 30?
27
Let l = -38 - -55. Suppose 0 = -4*h + 3*h + 1. Suppose b - h = 0, -2*q + b = -2*b - 61. What is the remainder when q is divided by l?
15
Let s(c) = -c**2 - 10*c + 3. What is the remainder when s(-6) is divided by ((-2)/4)/(2/(-56))?
13
Let l = -4 - -6. Let m = l + 13. Let g(r) = 2*r + 8. What is the remainder when m is divided by g(-2)?
3
What is the remainder when (2 + 1)*(-17)/(-3)*2 is divided by 19?
15
Let b be 2/(-13) + 368/26. Let m(i) = -i**2 + 17*i - 1. Calculate the remainder when m(b) is divided by 14.
13
Suppose 7*j - 4*j = -6. Let v = 4 + j. What is the remainder when v is divided by 1?
0
Let n = -5 - -10. Suppose -4*v + 5*v = 3, n*u = 2*v + 54. Calculate the remainder when 23 is divided by u.
11
Let k = 11 + -7. Suppose -2*h + b = -6, k*b - 6 = -4*h + 3*b. Let s(f) = -f**2 - 12*f - 20. What is the remainder when s(-9) is divided by h?
1
Suppose 4*v = 9*v - 30. Suppose 16 = -n + 2*n. What is the remainder when n is divided by v?
4
Let i = 87 - 19. Calculate the remainder when i is divided by 23.
22
Suppose q = -3*i + 28, 0 = -2*i - 0*i - 4. What is the remainder when q is divided by 12?
10
Suppose -s + 6 + 5 = 0. Suppose 143 = 3*w - 2*m, 0*w - 4*m = w - 43. Let x = -27 + w. Calculate the remainder when x is divided by s.
9
Let p be 26/5 - 2/10. Let d = 7 - p. Calculate the remainder when 7 is divided by d.
1
Let k(r) = -r**3 + 3*r + 3. Let x = 24 + -16. Calculate the remainder when x is divided by k(-2).
3
Let z = 27 + -10. Suppose -5*n - 94 = -264. Suppose -3*l + 32 = -w - 0*w, l - 5*w = n. What is the remainder when z is divided by l?
8
Suppose -2*u = -0*u - 3*f - 51, -190 = -5*u - 5*f. What is the remainder when 64 is divided by u?
31
Suppose 0 = -2*h + 7*h - 5. Calculate the remainder when h is divided by (-1)/(-3)*(4 + -1).
0
Suppose 3*i + 15 = -2*i, -3*q = -4*i - 24. Suppose -24 = -2*l - z, -4*l + 26 + 10 = -q*z. What is the remainder when 30 is divided by l?
8
Suppose -15 = -5*g + 2*i, 2*g - 3*i - 6 = -0*g. Suppose g*k + s - 4*s = 42, 0 = 5*k - 2*s - 58. Calculate the remainder when k is divided by (-6)/(-2)*8/6.
2
Suppose -2*q = 2*r - 16, -r - 4*q + 0*q = -17. Suppose r*l - 4*m - 306 = 0, -l = -2*l + 2*m + 66. What i